 0 = -3*j + 2*b - 10, -2*j + j - 3*b = -4. Suppose 22 = 4*c - 5*d, d - 7 = c + 6*d. Let z = c - j. What are the prime factors of z?
5
Suppose 3*v + 8 = -22. Let x = v + 16. What are the prime factors of x?
2, 3
Let a(u) be the first derivative of u**2 + 2*u + 27. Let f be (6/(-8))/((-1)/4). What are the prime factors of a(f)?
2
Let l(r) = 4*r**2 - 1 - 1 + 2. List the prime factors of l(1).
2
Let v = 268 - -141. List the prime factors of v.
409
Let p(f) = 2*f**3 - 5*f**2 - 2*f - 5. List the prime factors of p(4).
5, 7
Suppose 0*s - 2*s = -14. Suppose 2*m + 3 = s. Suppose 0 = -2*n + j + 2*j + 17, -2*n - 2*j + m = 0. List the prime factors of n.
2
Let r(w) = 2*w + 11. Let m be r(-9). What are the prime factors of (-1)/(1/m - 0)?
7
What are the prime factors of 31/2*(-1 - -3)?
31
Let v = 7 + -3. What are the prime factors of v?
2
Let o(n) = 15*n - 24. Let w(f) = 3*f - 5. Let y(b) = 5*o(b) - 24*w(b). Let l be y(1). Suppose -2*v + 3*v + l = 4*j, -4*j = -8. What are the prime factors of v?
5
Suppose -5*q = -2*q + 3. Let b be -7*(0 - 2 - q). Let n = b + -2. List the prime factors of n.
5
Suppose c + 256 = 2*h - 3*c, -2*h + 3*c = -251. Suppose -2*q = 2*o + 3*q - 58, 5*o = q + h. List the prime factors of -12*(o/(-9))/2.
2
Let r(t) = t**2 + 18*t - 22. What are the prime factors of r(-20)?
2, 3
Suppose -5*v + 70 = 10. List the prime factors of v.
2, 3
Suppose -7*c + 250 + 1171 = 0. What are the prime factors of c?
7, 29
Let v(q) = -q**2 + 29*q - 11. What are the prime factors of v(26)?
67
Let o be 1/(-4) + (-500)/(-16). Let q = o - -6. What are the prime factors of q?
37
Let b(l) = -l**2 - 8*l - 6. Let d be b(-6). List the prime factors of (d/4)/((-30)/(-200)).
2, 5
Let s(w) = -33*w**2 + w. Let v be s(-1). Let x = -10 - v. What are the prime factors of x?
2, 3
What are the prime factors of (-2160)/(-42) + (-3)/7?
3, 17
Let z(u) = 8*u**2 + 11*u + 14. Let h(f) = 3*f**2 + 4*f + 5. Let t(q) = 11*h(q) - 4*z(q). Let l be t(-1). Suppose k - 4*k + 39 = l. List the prime factors of k.
13
Suppose 5*p + 22 = 12. Let i be ((-60 - 2)/2)/1. What are the prime factors of (-4)/8 + i/p?
3, 5
Let g be 2/3*30/4. Let l(a) = -a**2 + 3*a**2 - 2 - 3*a + g*a. List the prime factors of l(2).
2, 5
Let t(a) = a + 13. Let k(h) = 1. Let y(q) = -k(q) + t(q). List the prime factors of y(-9).
3
Let b be (-5)/(-15) + (-2)/(-3). What are the prime factors of b/(-4) + 195/12?
2
Let b(t) = 3 + 7*t - 5*t - 1 + t**2. Let r be b(4). Suppose -4*m - r = -4*n + 74, 0 = -2*n + m + 46. What are the prime factors of n?
3, 7
Suppose 5*h - 37 = -3*a, 0*a = a + 2*h - 12. Suppose -42 = 4*j - a. List the prime factors of (-2 - -4)*-1 - j.
5
Let m = 5 + -3. Let b = m + 7. List the prime factors of b.
3
Suppose 7*r = 3*r + 16. Let k be 2 + (r/(-2) - -2). List the prime factors of (k/3)/(2/15).
5
Suppose 6*s - 2*s - 36 = 0. List the prime factors of s.
3
Let i = 3 - 15. Let p = -32 + 51. Let w = i + p. What are the prime factors of w?
7
Let m = 145 + 40. What are the prime factors of m?
5, 37
Let d = 47 + -28. Let p = d - 10. List the prime factors of 0 + p/3 - -4.
7
Let d be (-48)/(-18)*21/(-4). Let u be (-480)/d - 6/21. Suppose -k + 16 = 5*a - 30, k = 3*a - u. List the prime factors of a.
2, 5
Let o = -3 + 28. What are the prime factors of o?
5
Let o(m) = -8*m - 9. Let u be o(-6). Suppose -a = -4*a + u. What are the prime factors of a?
13
Let c be (-10)/(6/(-2) - -1). Let y = 73 - 33. Suppose -c*r + r = -y. List the prime factors of r.
2, 5
Suppose 5*a - 2*a = -3. Let f(d) = d - 1. Let z(b) = -1. Let c(r) = -6*f(r) + 6*z(r). What are the prime factors of c(a)?
2, 3
Let q = -17 - -24. Suppose -4*u = -2*u + 4. Let h = q + u. List the prime factors of h.
5
Let c = 16 + -7. Let k = 3 - c. List the prime factors of 3/k - (-31)/2.
3, 5
Suppose 6*v - 120 = 4*v + 5*i, -3*v + 2*i + 169 = 0. List the prime factors of v.
5, 11
Let h = 2 - 0. Suppose -3*d + 3 = -a, -h*a - a + 13 = 2*d. List the prime factors of a.
3
Suppose -r - 198 = -3*r. What are the prime factors of r?
3, 11
Let o = 4 + 7. Suppose -2*i = -6*i + 2*c + 66, -i - o = 5*c. List the prime factors of i.
2, 7
Let w(h) = -71*h**3 + h. Let q be w(-1). Suppose -j + q = j. List the prime factors of 2/(-3) + j/3.
11
Suppose m = -3*a + 24, -3*m + m + 49 = 5*a. List the prime factors of m.
3
Suppose -3*p + 8*p - 15 = 5*t, 2*t - 14 = -2*p. Suppose 4*k - 8 = -3*i, -p*i - 2*k + 0 = -4. Suppose i = w + 1 - 17. List the prime factors of w.
2
Let r = -1 + 2. Suppose -3*y - 3*b = b + 184, -3*b - 183 = 3*y. What are the prime factors of r/2 + y/(-8)?
2
Let u(j) = -j**3 - 7*j**2 + 9*j + 8. Let q be u(-8). Let k be 7 + -3 + q/2. Suppose k*h + 5*i - 66 = 0, -2*i - 21 = -h - i. List the prime factors of h.
19
Suppose -4*t = 7 + 1. Let o be -20 + (2 + t)/(-1). What are the prime factors of (32/o)/(1/(-5))?
2
Let a = 7 + 26. Suppose -2*z = -z - a. What are the prime factors of z?
3, 11
Let z be (36/(-12))/(6/(-8)). Let c = z - -5. What are the prime factors of c?
3
Let w = -21 - -26. Suppose -68 - 52 = -w*p. List the prime factors of p.
2, 3
Suppose 0 = -3*p + 5*g + 200, 117 = 2*p + 4*g - 31. List the prime factors of p.
2, 5, 7
Let o = 2 + 0. Suppose o*s = 3*s - 13. What are the prime factors of s?
13
Suppose -3*n = 2*h - 17, h = 4*h + 3*n - 21. Suppose h*v + 3*s + 1 - 5 = 0, 4 = 3*v + 2*s. Suppose v*k - 51 = -7. What are the prime factors of k?
11
Let y = 6 + -5. Let s = 3 + y. Suppose 20 = -4*a, 0 = 2*r + a - 11 + s. List the prime factors of r.
2, 3
Let k = 110 + 198. List the prime factors of k.
2, 7, 11
Suppose -296 = -4*o - 4*i, -3*o + 4*i - 152 = -5*o. List the prime factors of o.
2, 3
Let p(w) = -16*w**2 + 5*w + 10. Let j(z) = -3*z**2 + z + 2. Let c(f) = -22*j(f) + 4*p(f). What are the prime factors of c(4)?
2, 5
Let r(h) be the second derivative of -1/6*h**3 + 2*h + 1/2*h**2 + 0. List the prime factors of r(-7).
2
Suppose 0*y + 4*y - 4*d + 4 = 0, 2*y + 3*d + 7 = 0. What are the prime factors of (-312)/(-18) - y/3?
2, 3
What are the prime factors of (9/6)/(9/120)?
2, 5
Let c be 1/3*(9 - 3). Let z = 8 - c. Suppose 0*f = f - z. What are the prime factors of f?
2, 3
Suppose 3*q = -23*c + 20*c + 588, 1008 = 5*q - 2*c. What are the prime factors of q?
2, 5
Let i(j) = j + 1. Let o(u) = -1. Let s(b) = i(b) - 2*o(b). Let k be s(-2). Suppose 5*d + k - 56 = -5*w, -3*w = -3*d + 39. List the prime factors of d.
2, 3
Let h = -14 - -18. Suppose -3*g = 4*q - 2*g - 21, -8 = 3*q - h*g. List the prime factors of q.
2
List the prime factors of -6 - -8 - (-1 + -22).
5
Suppose -5*y - 2*g - 40 = 0, 2*g + 28 = -3*y + 8. Let d = 63 - y. Suppose 5*a - d = 7. List the prime factors of a.
2
Let a(p) = 2*p**2 + 5*p + 37. List the prime factors of a(-9).
2, 7, 11
Let d = -75 + 51. Let y = d + 40. Suppose -2*q + 2*p + y = 2*q, -2*q = -3*p - 4. List the prime factors of q.
5
Suppose 0 = l - 4, 4*l + 138 = 2*m - m. What are the prime factors of m?
2, 7, 11
Suppose 72 = l - 34. What are the prime factors of l?
2, 53
Let x be (2/(-2))/((-2)/10). Suppose 0 = 2*g - t - 3, -t + 1 = x*g - 10. Suppose -y + 2*y - 5 = g*k, 2*k - 40 = -4*y. What are the prime factors of y?
3
Suppose 7 = h - 0*h. Let a = h + -3. What are the prime factors of a?
2
Suppose 7*f - 40 = d + 3*f, -2*f + 10 = 0. Suppose g + 4*i = -3*g - 152, i + 3 = 0. Let t = d - g. List the prime factors of t.
3, 5
Suppose 0 = -0*m + 7*m - 805. What are the prime factors of m?
5, 23
Let l = -106 + 171. List the prime factors of l.
5, 13
Let m(j) = 3*j**3 + 4*j**2 + 9*j - 9. Let y(k) = -3*k**3 - 5*k**2 - 10*k + 10. Let b(q) = 7*m(q) + 6*y(q). What are the prime factors of b(2)?
19
Suppose 0 = x - 3 - 2. Let h = 0 + x. Suppose c - 33 = -h*m, -5*c = -0 - 15. What are the prime factors of m?
2, 3
Let p be (0 + 0)/1 - -30. Let u = 9 + p. List the prime factors of u.
3, 13
Suppose -19 = -4*o - 7. Suppose 0 = s - o*s. Suppose -2*i - 5*r - 13 = s, 2*i + 1 + 7 = -4*r. What are the prime factors of i?
2, 3
Let b be 4/(-14) - 72/42. What are the prime factors of 1 - (b - 0/3)?
3
Let n(k) = k**2 - 8*k - 5. Let u be n(9). Suppose 0 = -2*d + 3*d - u. What are the prime factors of (-5)/d*(-8 + 0)?
2, 5
Let c(w) = -14*w - 3. List the prime factors of c(-3).
3, 13
Suppose 2*u = 4*h + 26, 5*u = -3*h - 47 - 5. Let l = h + 17. List the prime factors of l.
2
Le